{"id":115,"date":"2023-12-08T12:50:35","date_gmt":"2023-12-08T17:50:35","guid":{"rendered":"https:\/\/iedlasmercedes.online\/?page_id=115"},"modified":"2023-12-08T13:20:14","modified_gmt":"2023-12-08T18:20:14","slug":"valores","status":"publish","type":"page","link":"https:\/\/iedlasmercedes.online\/index.php\/valores\/","title":{"rendered":"VALORES"},"content":{"rendered":"\n<p><strong><em>FILOSOF\u00cdA<\/em><\/strong><strong><\/strong><\/p>\n\n\n<div class=\"wp-block-image\">\n<figure class=\"alignleft size-large is-resized\"><img loading=\"lazy\" decoding=\"async\" width=\"1024\" height=\"768\" src=\"https:\/\/iedlasmercedes.online\/wp-content\/uploads\/2023\/12\/filosofia-1024x768.jpg\" alt=\"\" class=\"wp-image-128\" style=\"width:294px;height:auto\" srcset=\"https:\/\/iedlasmercedes.online\/wp-content\/uploads\/2023\/12\/filosofia-1024x768.jpg 1024w, https:\/\/iedlasmercedes.online\/wp-content\/uploads\/2023\/12\/filosofia-300x225.jpg 300w, https:\/\/iedlasmercedes.online\/wp-content\/uploads\/2023\/12\/filosofia-768x576.jpg 768w, https:\/\/iedlasmercedes.online\/wp-content\/uploads\/2023\/12\/filosofia.jpg 1280w\" sizes=\"auto, (max-width: 1024px) 100vw, 1024px\" \/><\/figure>\n<\/div>\n\n\n<p>La Comunidad Educativa de la Instituci\u00f3n Educativa Las Mercedes, tiene como filosof\u00eda en el Proyecto Educativo Institucional P.E.I. es&nbsp; la de lograr&nbsp; ante todo, la integraci\u00f3n de los estamentos que la conforman, para proyectar as\u00ed, su \u201cVisi\u00f3n, Misi\u00f3n, Objetivos y Procesos Curriculares\u201d, hacia sus estudiantes, docentes, directivos y la comunidad en general, dentro de unas concepciones, tendencias y acciones, configuradas a trav\u00e9s de pol\u00edticas, lineamientos, principios y marcos constituidos y establecidos legalmente en el Sistema Educativo Nacional, para que, a trav\u00e9s de la confrontaci\u00f3n, la discusi\u00f3n argumentada y el debate permanente, pueda negociarse, concertarse, adoptarse y articularse los procesos curriculares institucionales, teniendo como referentes, la realidad contextual de la comunidad.<\/p>\n\n\n\n<p>Se procurar\u00e1n los grandes acuerdos, decisiones y acciones trascendentales, que produzcan impactos significativos en toda la poblaci\u00f3n, para contribuir con el aporte de ciudadanos y ciudadanas l\u00edderes en el comportamiento responsable y comprometidos con los cambios estructurales en&nbsp; el orden social, pol\u00edtico, econ\u00f3mico, ambiental y cultural, capaces de dinamizar los procesos que marquen en forma concreta, el&nbsp; mejoramiento de la calidad de la educaci\u00f3n y de la vida, como tambi\u00e9n el desarrollo de la comunidad, la regi\u00f3n y nuestro querido pa\u00eds <em>COLOMBIA<\/em>.<\/p>\n\n\n\n<p><strong>VISI\u00d3N<\/strong><\/p>\n\n\n<div class=\"wp-block-image\">\n<figure class=\"alignright size-large is-resized\"><img loading=\"lazy\" decoding=\"async\" width=\"1024\" height=\"484\" src=\"https:\/\/iedlasmercedes.online\/wp-content\/uploads\/2023\/12\/tres-1024x484.jpg\" alt=\"\" class=\"wp-image-130\" style=\"width:399px;height:auto\" srcset=\"https:\/\/iedlasmercedes.online\/wp-content\/uploads\/2023\/12\/tres-1024x484.jpg 1024w, https:\/\/iedlasmercedes.online\/wp-content\/uploads\/2023\/12\/tres-300x142.jpg 300w, https:\/\/iedlasmercedes.online\/wp-content\/uploads\/2023\/12\/tres-768x363.jpg 768w, https:\/\/iedlasmercedes.online\/wp-content\/uploads\/2023\/12\/tres-1536x726.jpg 1536w, https:\/\/iedlasmercedes.online\/wp-content\/uploads\/2023\/12\/tres.jpg 1600w\" sizes=\"auto, (max-width: 1024px) 100vw, 1024px\" \/><\/figure>\n<\/div>\n\n\n<p>Constituirse en una Instituci\u00f3n Educativa que proyecte los saberes que imparten en&nbsp; sus aulas&nbsp; las necesidades y expectativas de la comunidad, liderando una formaci\u00f3n que desarrolle la potencialidad del talento humano de la regi\u00f3n identificado en la especialidad Agropecuaria hacia un futuro,&nbsp; promedio de 12 a\u00f1os visualiza nuestra Instituci\u00f3n, dentro de un papel de exigencia, competencia y liderazgo en conocimiento te\u00f3rico y pr\u00e1ctico y adem\u00e1s en valores y positivas actitudes, mejorando con ello la calidad de nuestro medio y nuestro entorno escolar, y por consiguiente la calidad de vida de nuestros ni\u00f1os y el de la comunidad en general. Por lo tanto nuestro paradigma interpretativo del medio ambiente, girar\u00e1 alrededor de valores referentes como: La responsabilidad, la \u00e9tica,&nbsp; lo pol\u00edtico, tecnol\u00f3gico, ecol\u00f3gico y social, cultural y est\u00e9tico.<\/p>\n\n\n\n<p>De la interdisciplinariedad de nuestro curr\u00edculo saldr\u00e1 una perspectiva hol\u00edstica que engrane la interconexi\u00f3n de todos los aspectos que componen nuestra realidad.<\/p>\n\n\n\n<p>Como consecuencia de lo anterior, hay que formar hombres y mujeres con conciencia ciudadana a trav\u00e9s de la construcci\u00f3n de conocimientos, h\u00e1bitos, habilidades y valores para que sean capaces de tomar sus propias decisiones e interactuar y as\u00ed solucionar sus propios problemas y por consiguiente los de su comunidad, con profundo sentido de pertenencia.<\/p>\n\n\n\n<p>La Instituci\u00f3n Educativa Departamental Las Mercedes ser\u00e1 el polo de desarrollo que irradie y motive la participaci\u00f3n activa de la prevenci\u00f3n y soluci\u00f3n de problema, desde&nbsp; principios de unidad para la convivencia, contribuyendo de esta manera al bienestar individual&nbsp; y colectivo en beneficio de generaciones&nbsp; futuras y sostenibles.<\/p>\n\n\n\n<p>OBSERVACI\u00d3N: La Misi\u00f3n y la Visi\u00f3n est\u00e1n sujetas a modificaciones realizadas a nuestra Instituci\u00f3n.<\/p>\n\n\n\n<p><strong>MISI\u00d3N<\/strong><\/p>\n\n\n\n<figure class=\"wp-block-gallery has-nested-images columns-default is-cropped wp-block-gallery-1 is-layout-flex wp-block-gallery-is-layout-flex\">\n<figure class=\"wp-block-image size-large\"><img loading=\"lazy\" decoding=\"async\" width=\"1024\" height=\"484\" data-id=\"134\" src=\"https:\/\/iedlasmercedes.online\/wp-content\/uploads\/2023\/12\/tres-1-1024x484.jpg\" alt=\"\" class=\"wp-image-134\" srcset=\"https:\/\/iedlasmercedes.online\/wp-content\/uploads\/2023\/12\/tres-1-1024x484.jpg 1024w, https:\/\/iedlasmercedes.online\/wp-content\/uploads\/2023\/12\/tres-1-300x142.jpg 300w, https:\/\/iedlasmercedes.online\/wp-content\/uploads\/2023\/12\/tres-1-768x363.jpg 768w, https:\/\/iedlasmercedes.online\/wp-content\/uploads\/2023\/12\/tres-1-1536x726.jpg 1536w, https:\/\/iedlasmercedes.online\/wp-content\/uploads\/2023\/12\/tres-1.jpg 1600w\" sizes=\"auto, (max-width: 1024px) 100vw, 1024px\" \/><\/figure>\n\n\n\n<figure class=\"wp-block-image size-large\"><img loading=\"lazy\" decoding=\"async\" width=\"1024\" height=\"484\" data-id=\"133\" src=\"https:\/\/iedlasmercedes.online\/wp-content\/uploads\/2023\/12\/Imagen-de-WhatsApp-2023-12-07-a-las-21.55.17_1a469599-1024x484.jpg\" alt=\"\" class=\"wp-image-133\" srcset=\"https:\/\/iedlasmercedes.online\/wp-content\/uploads\/2023\/12\/Imagen-de-WhatsApp-2023-12-07-a-las-21.55.17_1a469599-1024x484.jpg 1024w, https:\/\/iedlasmercedes.online\/wp-content\/uploads\/2023\/12\/Imagen-de-WhatsApp-2023-12-07-a-las-21.55.17_1a469599-300x142.jpg 300w, https:\/\/iedlasmercedes.online\/wp-content\/uploads\/2023\/12\/Imagen-de-WhatsApp-2023-12-07-a-las-21.55.17_1a469599-768x363.jpg 768w, https:\/\/iedlasmercedes.online\/wp-content\/uploads\/2023\/12\/Imagen-de-WhatsApp-2023-12-07-a-las-21.55.17_1a469599-1536x726.jpg 1536w, https:\/\/iedlasmercedes.online\/wp-content\/uploads\/2023\/12\/Imagen-de-WhatsApp-2023-12-07-a-las-21.55.17_1a469599.jpg 1600w\" sizes=\"auto, (max-width: 1024px) 100vw, 1024px\" \/><\/figure>\n<\/figure>\n\n\n\n<p>La Misi\u00f3n de la Instituci\u00f3n Educativa Departamental Las Mercedes, est\u00e1 determinada a fomentar una conciencia cr\u00edtica y reflexiva hac\u00eda el aprovechamiento y explotaci\u00f3n de los recursos agr\u00edcolas de la regi\u00f3n contribuyendo a trav\u00e9s de los procesos educativos una formaci\u00f3n integral dentro de un contexto socio \u2013 cultural, espec\u00edfico generando un potencial humano con capacidad de gesti\u00f3n empresarial combinando lo \u00f3ptimo de la producci\u00f3n tradicional con las t\u00e9cnicas de la producci\u00f3n moderna que le permitan mejorar la calidad de vida.<\/p>\n\n\n\n<p>Nuestra Misi\u00f3n se perfila hacia la construcci\u00f3n de una sociedad con una estructura ecol\u00f3gica que convierta en hechos, acciones y actitudes concretas, para construir un bachiller t\u00e9cnico, con una especialidad que lo convierta en un hombre productivo, \u00fatil para su entorno.<\/p>\n\n\n\n<p>Hemos estructurado con las \u00e1reas del conocimiento un curr\u00edculo demarcado alrededor de un eje tem\u00e1tico, que con las \u00e1reas del conocimiento fundamentales establecidas por el Ministerio de Educaci\u00f3n Nacional, articulado con el programa con el SENA, especialmente en horticultura y especies menores.<\/p>\n\n\n\n<p>Ha de incluirse en nuestro curr\u00edculo, contenidos conceptuales, procedimentales, valorativos. Para ello se hace necesario establecer un cambio en la metodolog\u00eda que est\u00e1 orientada.<\/p>\n\n\n\n<p>Incorporar las experiencias, conocimientos de los ni\u00f1os, ni\u00f1as y padres de familias, como fuente de aprendizaje, planteando situaciones donde los ni\u00f1os y ni\u00f1as de la Instituci\u00f3n Educativa Departamental Las Mercedes, aprendan a pensar globalmente y actuar con sentido de responsabilidad en su entorno.<\/p>\n\n\n\n<p><strong>PROP\u00d3SITOS<\/strong><\/p>\n\n\n\n<figure class=\"wp-block-embed is-type-video is-provider-youtube wp-block-embed-youtube wp-embed-aspect-16-9 wp-has-aspect-ratio\"><div class=\"wp-block-embed__wrapper\">\n<iframe loading=\"lazy\" title=\"Criando Icoteas\" width=\"750\" height=\"422\" src=\"https:\/\/www.youtube.com\/embed\/_3T4XV2GqRw?feature=oembed\" frameborder=\"0\" allow=\"accelerometer; autoplay; clipboard-write; encrypted-media; gyroscope; picture-in-picture; web-share\" allowfullscreen><\/iframe>\n<\/div><\/figure>\n\n\n\n<p>Lograr la integraci\u00f3n de la Comunidad Educativa de la Instituci\u00f3n Educativa Las Mercedes, para la consolidaci\u00f3n permanente de los estamentos que la conforman.<\/p>\n\n\n\n<p>Lograr la asociaci\u00f3n con los dem\u00e1s sectores de la comunidad en general, a trav\u00e9s de la gesti\u00f3n y la concertaci\u00f3n permanentes, para la b\u00fasqueda de objetivos y metas comunes, que faciliten el interactuar escuela &#8211; comunidad.<\/p>\n\n\n\n<p>Lograr la formaci\u00f3n de personas, nuevas sociedades de conciencia plena comprometidas con la realidad natural, social y cultural del entorno, capaces de interiorizar valores, de asumir actitudes y comportamientos, productos de una manera de sentir, pensar, reflexionar y actuar, identificados con los intereses, las expectativas, las necesidades sentidas en su comunidad, en el pa\u00eds y en el mundo en general.<\/p>\n\n\n\n<p>Preparar a los ni\u00f1os y ni\u00f1as activamente para adaptarse a los cambios y cambiar de profesi\u00f3n cada vez que sea necesario.<\/p>\n\n\n\n<figure class=\"wp-block-gallery has-nested-images columns-default is-cropped wp-block-gallery-2 is-layout-flex wp-block-gallery-is-layout-flex\"><\/figure>\n","protected":false},"excerpt":{"rendered":"<p>FILOSOF\u00cdA La Comunidad Educativa de la Instituci\u00f3n Educativa Las Mercedes, tiene como filosof\u00eda en el Proyecto Educativo Institucional P.E.I. es&nbsp; &hellip; <\/p>\n","protected":false},"author":1,"featured_media":0,"parent":0,"menu_order":0,"comment_status":"closed","ping_status":"closed","template":"","meta":{"footnotes":""},"class_list":["post-115","page","type-page","status-publish","hentry"],"_links":{"self":[{"href":"https:\/\/iedlasmercedes.online\/index.php\/wp-json\/wp\/v2\/pages\/115","targetHints":{"allow":["GET"]}}],"collection":[{"href":"https:\/\/iedlasmercedes.online\/index.php\/wp-json\/wp\/v2\/pages"}],"about":[{"href":"https:\/\/iedlasmercedes.online\/index.php\/wp-json\/wp\/v2\/types\/page"}],"author":[{"embeddable":true,"href":"https:\/\/iedlasmercedes.online\/index.php\/wp-json\/wp\/v2\/users\/1"}],"replies":[{"embeddable":true,"href":"https:\/\/iedlasmercedes.online\/index.php\/wp-json\/wp\/v2\/comments?post=115"}],"version-history":[{"count":8,"href":"https:\/\/iedlasmercedes.online\/index.php\/wp-json\/wp\/v2\/pages\/115\/revisions"}],"predecessor-version":[{"id":143,"href":"https:\/\/iedlasmercedes.online\/index.php\/wp-json\/wp\/v2\/pages\/115\/revisions\/143"}],"wp:attachment":[{"href":"https:\/\/iedlasmercedes.online\/index.php\/wp-json\/wp\/v2\/media?parent=115"}],"curies":[{"name":"wp","href":"https:\/\/api.w.org\/{rel}","templated":true}]}}