{"id":144,"date":"2023-12-08T13:49:54","date_gmt":"2023-12-08T18:49:54","guid":{"rendered":"https:\/\/iedlasmercedes.online\/?page_id=144"},"modified":"2023-12-11T13:05:51","modified_gmt":"2023-12-11T18:05:51","slug":"filosofia-de-la-institucion","status":"publish","type":"page","link":"https:\/\/iedlasmercedes.online\/index.php\/filosofia-de-la-institucion\/","title":{"rendered":"FILOSOFIA"},"content":{"rendered":"\n<p class=\"has-text-align-center\"><strong>FILOSOFIA DE LA INSTITUCI\u00d3N<\/strong><\/p>\n\n\n\n<p>Los principios b\u00e1sicos que orientan la labor pedag\u00f3gica en nuestra Instituci\u00f3n son:<\/p>\n\n\n\n<ul class=\"wp-block-list\">\n<li>El trabajo proyectado hacia la comunidad<\/li>\n<\/ul>\n\n\n\n<ul class=\"wp-block-list\">\n<li>La formaci\u00f3n de personas capaces de resolver los conflictos presentados en la convivencia mediante el reconocimiento de la diferencia y la aplicaci\u00f3n de valores como la tolerancia y el&nbsp; respeto.<\/li>\n<\/ul>\n\n\n\n<ul class=\"wp-block-list\">\n<li>La reafirmaci\u00f3n del sentido de pertenencia en b\u00fasqueda de la identidad cultural del municipio<\/li>\n<\/ul>\n\n\n\n<ul class=\"wp-block-list\">\n<li>La formaci\u00f3n de personas reflexivas, cr\u00edticas y propositivas frente al conocimiento y a la realidad que lo circunda.<\/li>\n<\/ul>\n\n\n\n<ul class=\"wp-block-list\">\n<li>La orientaci\u00f3n del comportamiento hacia la autodisciplina.<\/li>\n<\/ul>\n\n\n\n<ul class=\"wp-block-list\">\n<li>La formaci\u00f3n cient\u00edfica, t\u00e9cnica y pr\u00e1ctica mediante la aplicaci\u00f3n de metodolog\u00edas actuales.<\/li>\n<\/ul>\n\n\n\n<ul class=\"wp-block-list\">\n<li>La formaci\u00f3n aut\u00f3noma e integral del estudiante priorizando en la labor educativa, los procesos sobre los resultados.&nbsp;<\/li>\n<\/ul>\n\n\n\n<figure class=\"wp-block-gallery has-nested-images columns-default is-cropped wp-block-gallery-1 is-layout-flex wp-block-gallery-is-layout-flex\">\n<figure class=\"wp-block-image size-large\"><img loading=\"lazy\" decoding=\"async\" width=\"1024\" height=\"768\" data-id=\"159\" src=\"https:\/\/iedlasmercedes.online\/wp-content\/uploads\/2023\/12\/1-1024x768.jpg\" alt=\"\" class=\"wp-image-159\" srcset=\"https:\/\/iedlasmercedes.online\/wp-content\/uploads\/2023\/12\/1-1024x768.jpg 1024w, https:\/\/iedlasmercedes.online\/wp-content\/uploads\/2023\/12\/1-300x225.jpg 300w, https:\/\/iedlasmercedes.online\/wp-content\/uploads\/2023\/12\/1-768x576.jpg 768w, https:\/\/iedlasmercedes.online\/wp-content\/uploads\/2023\/12\/1-1536x1152.jpg 1536w, https:\/\/iedlasmercedes.online\/wp-content\/uploads\/2023\/12\/1.jpg 2048w\" sizes=\"auto, (max-width: 1024px) 100vw, 1024px\" \/><\/figure>\n\n\n\n<figure class=\"wp-block-image size-large\"><img loading=\"lazy\" decoding=\"async\" width=\"1024\" height=\"768\" data-id=\"163\" src=\"https:\/\/iedlasmercedes.online\/wp-content\/uploads\/2023\/12\/2-1024x768.jpg\" alt=\"\" class=\"wp-image-163\" srcset=\"https:\/\/iedlasmercedes.online\/wp-content\/uploads\/2023\/12\/2-1024x768.jpg 1024w, https:\/\/iedlasmercedes.online\/wp-content\/uploads\/2023\/12\/2-300x225.jpg 300w, https:\/\/iedlasmercedes.online\/wp-content\/uploads\/2023\/12\/2-768x576.jpg 768w, https:\/\/iedlasmercedes.online\/wp-content\/uploads\/2023\/12\/2-1536x1152.jpg 1536w, https:\/\/iedlasmercedes.online\/wp-content\/uploads\/2023\/12\/2.jpg 2048w\" sizes=\"auto, (max-width: 1024px) 100vw, 1024px\" \/><\/figure>\n\n\n\n<figure class=\"wp-block-image size-large\"><img loading=\"lazy\" decoding=\"async\" width=\"1024\" height=\"768\" data-id=\"156\" src=\"https:\/\/iedlasmercedes.online\/wp-content\/uploads\/2023\/12\/3-1024x768.jpg\" alt=\"\" class=\"wp-image-156\" srcset=\"https:\/\/iedlasmercedes.online\/wp-content\/uploads\/2023\/12\/3-1024x768.jpg 1024w, https:\/\/iedlasmercedes.online\/wp-content\/uploads\/2023\/12\/3-300x225.jpg 300w, https:\/\/iedlasmercedes.online\/wp-content\/uploads\/2023\/12\/3-768x576.jpg 768w, https:\/\/iedlasmercedes.online\/wp-content\/uploads\/2023\/12\/3-1536x1152.jpg 1536w, https:\/\/iedlasmercedes.online\/wp-content\/uploads\/2023\/12\/3.jpg 2048w\" sizes=\"auto, (max-width: 1024px) 100vw, 1024px\" \/><\/figure>\n\n\n\n<figure class=\"wp-block-image size-large\"><img loading=\"lazy\" decoding=\"async\" width=\"1024\" height=\"768\" data-id=\"162\" src=\"https:\/\/iedlasmercedes.online\/wp-content\/uploads\/2023\/12\/4-1024x768.jpg\" alt=\"\" class=\"wp-image-162\" srcset=\"https:\/\/iedlasmercedes.online\/wp-content\/uploads\/2023\/12\/4-1024x768.jpg 1024w, https:\/\/iedlasmercedes.online\/wp-content\/uploads\/2023\/12\/4-300x225.jpg 300w, https:\/\/iedlasmercedes.online\/wp-content\/uploads\/2023\/12\/4-768x576.jpg 768w, https:\/\/iedlasmercedes.online\/wp-content\/uploads\/2023\/12\/4-1536x1152.jpg 1536w, https:\/\/iedlasmercedes.online\/wp-content\/uploads\/2023\/12\/4.jpg 2048w\" sizes=\"auto, (max-width: 1024px) 100vw, 1024px\" \/><\/figure>\n\n\n\n<figure class=\"wp-block-image size-large\"><img loading=\"lazy\" decoding=\"async\" width=\"1024\" height=\"768\" data-id=\"160\" src=\"https:\/\/iedlasmercedes.online\/wp-content\/uploads\/2023\/12\/5-1024x768.jpg\" alt=\"\" class=\"wp-image-160\" srcset=\"https:\/\/iedlasmercedes.online\/wp-content\/uploads\/2023\/12\/5-1024x768.jpg 1024w, https:\/\/iedlasmercedes.online\/wp-content\/uploads\/2023\/12\/5-300x225.jpg 300w, https:\/\/iedlasmercedes.online\/wp-content\/uploads\/2023\/12\/5-768x576.jpg 768w, https:\/\/iedlasmercedes.online\/wp-content\/uploads\/2023\/12\/5-1536x1152.jpg 1536w, https:\/\/iedlasmercedes.online\/wp-content\/uploads\/2023\/12\/5.jpg 2048w\" sizes=\"auto, (max-width: 1024px) 100vw, 1024px\" \/><\/figure>\n\n\n\n<figure class=\"wp-block-image size-large\"><img loading=\"lazy\" decoding=\"async\" width=\"1024\" height=\"768\" data-id=\"161\" src=\"https:\/\/iedlasmercedes.online\/wp-content\/uploads\/2023\/12\/6-1024x768.jpg\" alt=\"\" class=\"wp-image-161\" srcset=\"https:\/\/iedlasmercedes.online\/wp-content\/uploads\/2023\/12\/6-1024x768.jpg 1024w, https:\/\/iedlasmercedes.online\/wp-content\/uploads\/2023\/12\/6-300x225.jpg 300w, https:\/\/iedlasmercedes.online\/wp-content\/uploads\/2023\/12\/6-768x576.jpg 768w, https:\/\/iedlasmercedes.online\/wp-content\/uploads\/2023\/12\/6-1536x1152.jpg 1536w, https:\/\/iedlasmercedes.online\/wp-content\/uploads\/2023\/12\/6.jpg 2048w\" sizes=\"auto, (max-width: 1024px) 100vw, 1024px\" \/><\/figure>\n\n\n\n<figure class=\"wp-block-image size-large\"><img loading=\"lazy\" decoding=\"async\" width=\"1024\" height=\"768\" data-id=\"157\" src=\"https:\/\/iedlasmercedes.online\/wp-content\/uploads\/2023\/12\/7-1024x768.jpg\" alt=\"\" class=\"wp-image-157\" srcset=\"https:\/\/iedlasmercedes.online\/wp-content\/uploads\/2023\/12\/7-1024x768.jpg 1024w, https:\/\/iedlasmercedes.online\/wp-content\/uploads\/2023\/12\/7-300x225.jpg 300w, https:\/\/iedlasmercedes.online\/wp-content\/uploads\/2023\/12\/7-768x576.jpg 768w, https:\/\/iedlasmercedes.online\/wp-content\/uploads\/2023\/12\/7-1536x1152.jpg 1536w, https:\/\/iedlasmercedes.online\/wp-content\/uploads\/2023\/12\/7.jpg 2048w\" sizes=\"auto, (max-width: 1024px) 100vw, 1024px\" \/><\/figure>\n\n\n\n<figure class=\"wp-block-image size-large\"><img loading=\"lazy\" decoding=\"async\" width=\"2048\" height=\"1536\" data-id=\"158\" src=\"https:\/\/iedlasmercedes.online\/wp-content\/uploads\/2023\/12\/8-1024x768.jpg\" alt=\"\" class=\"wp-image-158\" srcset=\"https:\/\/iedlasmercedes.online\/wp-content\/uploads\/2023\/12\/8-1024x768.jpg 1024w, https:\/\/iedlasmercedes.online\/wp-content\/uploads\/2023\/12\/8-300x225.jpg 300w, https:\/\/iedlasmercedes.online\/wp-content\/uploads\/2023\/12\/8-768x576.jpg 768w, https:\/\/iedlasmercedes.online\/wp-content\/uploads\/2023\/12\/8-1536x1152.jpg 1536w, https:\/\/iedlasmercedes.online\/wp-content\/uploads\/2023\/12\/8.jpg 2048w\" sizes=\"auto, (max-width: 2048px) 100vw, 2048px\" \/><\/figure>\n\n\n\n<figure class=\"wp-block-image size-large\"><img loading=\"lazy\" decoding=\"async\" width=\"1024\" height=\"768\" data-id=\"155\" src=\"https:\/\/iedlasmercedes.online\/wp-content\/uploads\/2023\/12\/9-1024x768.jpg\" alt=\"\" class=\"wp-image-155\" srcset=\"https:\/\/iedlasmercedes.online\/wp-content\/uploads\/2023\/12\/9-1024x768.jpg 1024w, https:\/\/iedlasmercedes.online\/wp-content\/uploads\/2023\/12\/9-300x225.jpg 300w, https:\/\/iedlasmercedes.online\/wp-content\/uploads\/2023\/12\/9-768x576.jpg 768w, https:\/\/iedlasmercedes.online\/wp-content\/uploads\/2023\/12\/9-1536x1152.jpg 1536w, https:\/\/iedlasmercedes.online\/wp-content\/uploads\/2023\/12\/9.jpg 2048w\" sizes=\"auto, (max-width: 1024px) 100vw, 1024px\" \/><\/figure>\n<\/figure>\n\n\n\n<p><strong>METAS INSTITUCIONALES<\/strong><\/p>\n\n\n\n<ul class=\"wp-block-list\">\n<li>Incrementar en un 25%, en el t\u00e9rmino de 5 a\u00f1os, el n\u00famero de estudiantes de la Instituci\u00f3n.<\/li>\n<\/ul>\n\n\n\n<ul class=\"wp-block-list\">\n<li>Vincular al estudiante de la Instituci\u00f3n educativa Departamental LAS MERCEDES, CORREGIMIENTO LAS MARGARITAS MUNICIPIO DE SAN SEBASTIAN al sector productivo.<\/li>\n<\/ul>\n\n\n\n<ul class=\"wp-block-list\">\n<li>Adecuar y dotar los salones como aulas especializadas con los recursos necesarios seg\u00fan su especialidad.<\/li>\n<\/ul>\n\n\n\n<ul class=\"wp-block-list\">\n<li>Hacer de la ciencia y la tecnolog\u00eda, medios para mejorar la calidad de vida de la comunidad educativa de nuestra Instituci\u00f3n.<\/li>\n<\/ul>\n\n\n\n<ul class=\"wp-block-list\">\n<li>Construir una cultura para la paz, la democracia y la participaci\u00f3n que contrarreste los altos \u00edndices de violencia de nuestra sociedad.<\/li>\n<\/ul>\n\n\n\n<ul class=\"wp-block-list\">\n<li>Fortalecer la concepci\u00f3n y funcionamiento de los ambientes de conocimiento como estrategia de desarrollo integral.<\/li>\n<\/ul>\n\n\n\n<ul class=\"wp-block-list\">\n<li>Ofrecer una educaci\u00f3n de calidad a trav\u00e9s de la reestructuraci\u00f3n de los procesos educativos.<\/li>\n<\/ul>\n\n\n\n<ul class=\"wp-block-list\">\n<li>Fortalecer el enfoque pedag\u00f3gico del aprendizaje significativo, para que tenga verdadero sentido los conocimientos que adquiera el estudiante.<\/li>\n<\/ul>\n\n\n\n<figure class=\"wp-block-video\"><video height=\"720\" style=\"aspect-ratio: 1280 \/ 720;\" width=\"1280\" controls src=\"https:\/\/iedlasmercedes.online\/wp-content\/uploads\/2023\/12\/Promo-reducido-1.mp4\"><\/video><\/figure>\n","protected":false},"excerpt":{"rendered":"<p>FILOSOFIA DE LA INSTITUCI\u00d3N Los principios b\u00e1sicos que orientan la labor pedag\u00f3gica en nuestra Instituci\u00f3n son: METAS INSTITUCIONALES<\/p>\n","protected":false},"author":1,"featured_media":0,"parent":0,"menu_order":0,"comment_status":"closed","ping_status":"closed","template":"","meta":{"footnotes":""},"class_list":["post-144","page","type-page","status-publish","hentry"],"_links":{"self":[{"href":"https:\/\/iedlasmercedes.online\/index.php\/wp-json\/wp\/v2\/pages\/144","targetHints":{"allow":["GET"]}}],"collection":[{"href":"https:\/\/iedlasmercedes.online\/index.php\/wp-json\/wp\/v2\/pages"}],"about":[{"href":"https:\/\/iedlasmercedes.online\/index.php\/wp-json\/wp\/v2\/types\/page"}],"author":[{"embeddable":true,"href":"https:\/\/iedlasmercedes.online\/index.php\/wp-json\/wp\/v2\/users\/1"}],"replies":[{"embeddable":true,"href":"https:\/\/iedlasmercedes.online\/index.php\/wp-json\/wp\/v2\/comments?post=144"}],"version-history":[{"count":4,"href":"https:\/\/iedlasmercedes.online\/index.php\/wp-json\/wp\/v2\/pages\/144\/revisions"}],"predecessor-version":[{"id":269,"href":"https:\/\/iedlasmercedes.online\/index.php\/wp-json\/wp\/v2\/pages\/144\/revisions\/269"}],"wp:attachment":[{"href":"https:\/\/iedlasmercedes.online\/index.php\/wp-json\/wp\/v2\/media?parent=144"}],"curies":[{"name":"wp","href":"https:\/\/api.w.org\/{rel}","templated":true}]}}